 -4*c**3 - c - 15. Let u be j(-3). Suppose -s - 289 = 4*a - u, 3*s - 5*a = -613. Let b = -50 - s. What are the prime factors of b?
151
Let t(i) = 3*i**3 + 3*i**2 - i. Let v be t(1). Suppose -3*m = -2*w + 2082, -v*w + 0*w - 3*m + 5247 = 0. What are the prime factors of w?
3, 349
Let n = 170 - 49. Suppose 23*r = 282 - n. List the prime factors of r.
7
Suppose 9*r + 19*r - 1356120 = -62*r. List the prime factors of r.
2, 3767
Suppose -2*c + 4*c - 968 = -4*w, 0 = 5*c + 5*w - 2415. Let b = -233 + c. List the prime factors of 3*b*1/9.
83
Let f = 24 - -72. Suppose -8 - 167 = -3*p + 4*r, -4*p + r = -242. Let u = f + p. What are the prime factors of u?
157
Suppose 2*b + 247 = -1549. Let u = -388 - b. What are the prime factors of u?
2, 3, 5, 17
Let f = 16252 - -5757. List the prime factors of f.
13, 1693
Let v = 878 + -475. Suppose -7*z + v + 3 = 0. List the prime factors of z.
2, 29
Let p be (22 - (-10 - -8)) + -9. What are the prime factors of 9/p - (-147147)/105?
2, 701
Suppose 115*h = 111*h - 28, -3*j + 121691 = 4*h. What are the prime factors of j?
13, 3121
Suppose b + 5177 + 13754 = 3*m, -b - 1 = 0. Suppose 21*h = 11*h + m. List the prime factors of h.
631
Let a = -732 + 732. Suppose -m = -2*m + 2*j + 628, a = -4*j. List the prime factors of m.
2, 157
Suppose 2*d + 0*d - 44 = 3*x, -d - 4*x = -33. Let r = d + -22. Suppose 4*o - 32 = -4*n + 296, -r*o = 5*n - 252. List the prime factors of o.
79
Let y = -6 + -15. Let r(w) = 9158*w - 4587*w + 21*w**2 + w**3 - 4577*w. List the prime factors of r(y).
2, 3, 7
Let v = 11511 - -383. What are the prime factors of v?
2, 19, 313
Suppose -14*l - 2*l + 448 = 0. List the prime factors of ((-7272)/(-84))/(6/l).
2, 101
Suppose -33*l + 8275 = -8*l. What are the prime factors of l?
331
Suppose 0 = 22*j - 203854 - 92860. What are the prime factors of j?
13487
Let n be (-1)/(2/(-1))*14. Let x(l) = -39*l + 394. Let m be x(7). Suppose 4*j - n*f + 5*f = 444, -j + m = 2*f. What are the prime factors of j?
113
Let d(p) = -p**3 - 7*p**2 + 2*p + 16. Let k be d(-7). Suppose -k*t = 2*t - 360. Let o = 132 - t. List the prime factors of o.
2, 3, 7
Let x(d) = 40*d - 108. Let b be x(14). Let u = b - 147. List the prime factors of u.
5, 61
Suppose -14*g + 4*g = 0. Suppose g = -5*p + 8 + 7. Suppose -423 = -p*k - 96. What are the prime factors of k?
109
Let l = 18 + -2. Suppose 0 = h - 5*m - 16 - 8, 4*m = -l. Suppose 124 = 2*d + h*b - 2*b, 5*b + 5 = 0. What are the prime factors of d?
3, 7
Let j(v) = -2*v - 4. Let m be j(-2). Suppose m = -2*h - 3*s + 656 - 180, 12 = 3*s. List the prime factors of h.
2, 29
List the prime factors of (229 + -9 - -17)/(-3 + 1530/507).
13, 79
Let o = 10611 + 236. What are the prime factors of o?
10847
Let r = 6210 - 1078. List the prime factors of r.
2, 1283
List the prime factors of -8 + -4 + 227092/12 + (-80)/60.
18911
Suppose 3*t + 2*t - 30 = 5*m, -t = 4*m + 4. Let f be -3 - 14/((-8)/t). Suppose -3*p = f*n - 8 - 133, n - 36 = -p. What are the prime factors of n?
3, 11
Suppose -2*h = 2, 4*m + 3*h - 138 = 5*h. Suppose 0 = 38*z - m*z - 5916. List the prime factors of z.
3, 17, 29
Suppose 93 - 95 = -s. Let m(y) = -y**3 + 4*y + 15*y**s + 12 + 14*y + 4*y + 15. List the prime factors of m(16).
3, 41
Let u be (-160)/85 - -3 - 4/34. What are the prime factors of (3 - (u - -7)) + 332?
3, 109
Let z(j) = -14*j + 52. Let f(u) = -u - 1. Let o(n) = 6*f(n) - z(n). Let a be o(8). Suppose -a*x + 196 = -896. What are the prime factors of x?
2, 7, 13
Let i(z) = 506*z**2 - 3*z + 4. Let b be 182/234 - (-2)/9. List the prime factors of i(b).
3, 13
Suppose 13*d = 12*d + 61. Let i = -52 - d. Let q = i + 266. List the prime factors of q.
3, 17
Suppose 7317 = -25*x + 145458 + 425984. List the prime factors of x.
5, 4513
Suppose q + 4 = 2*q. Suppose -2*m + 2 = -a, -2*a - 6 = q*m - 2. Suppose -2*b - 130 + 500 = m. What are the prime factors of b?
5, 37
Let x = -31 + 34. Let q be ((-70)/42)/((-1)/x). Suppose -q*a - 25 = 0, 3*v - 11 = -5*a + 144. List the prime factors of v.
2, 3, 5
Let s = -68934 - -102511. List the prime factors of s.
33577
Let a be (-46)/(-23)*(2 + 125). Let k = a + -130. What are the prime factors of k?
2, 31
Suppose 13*b - 16*b + 78880 = -4*z, -2*b - 4*z = -52580. List the prime factors of b.
2, 3, 7, 313
Let y(l) = -757*l + 82. What are the prime factors of y(-6)?
2, 17
Let s be ((-3)/6 - 0)/((-3)/18). List the prime factors of (1386/(-168))/(s/(-92)).
11, 23
Suppose 2*t - 44 + 34 = 0. What are the prime factors of ((-5)/t + 0 - -408) + 3?
2, 5, 41
Suppose -80*k + 189260 = -5806 - 31974. What are the prime factors of k?
2, 3, 11, 43
What are the prime factors of 1059*((-145)/(-45) + -5)/(1/(-3))?
2, 353
List the prime factors of (-10827)/(-3)*(-161)/(-42) - (-3)/2.
2, 3, 1153
Suppose -25 = -11*v + 16*v. List the prime factors of 6/(-6) + 147 - v.
151
Let q(o) = -o**2 + 2*o - 1. Let s(v) = -3*v**2 + 9*v + 90. Let g(l) = -6*q(l) + s(l). What are the prime factors of g(9)?
2, 3, 13
Let a be (3 - 0)/((-1)/((-3)/9)). Suppose -n + 31 = s, s = a + 1. Suppose 5*k - 5*i - n = 2*k, -5*i = -4*k + 32. List the prime factors of k.
3
Let p be (3 + 17/(-5))*50/(-5). Let f be (136/51)/(p/6). Suppose f*o + 2*t - 258 = 0, 6*t = -o + 5*t + 64. What are the prime factors of o?
5, 13
Let g = 39044 - 20961. What are the prime factors of g?
13, 107
Let t = 57 + 59. Let o = -446 + 509. Let u = t - o. What are the prime factors of u?
53
Let w = 91 + -90. Suppose -1 + w = 17*c. Suppose 0 = -c*d + 8*d - 992. What are the prime factors of d?
2, 31
Let q = -29 - -29. Let m be (-2)/(4/(-232) - q). Let r = m + -41. List the prime factors of r.
3, 5
Let k be 222/((-2)/(-16)*-4). Let d = k + 1306. List the prime factors of d.
2, 431
Let b = -8819 - -12704. List the prime factors of b.
3, 5, 7, 37
Let m be 4/(-18) + (-564)/(-108). Suppose -15 = m*w - 0. List the prime factors of (1260/(-50))/(w/15).
2, 3, 7
Suppose 12*k = 26*k - 3374. What are the prime factors of k?
241
Let i = -29410 - -44435. What are the prime factors of i?
5, 601
Suppose -22*w + 272020 = 19834. List the prime factors of w.
3, 3821
Suppose 0 = 2*b - 9 - 1, -4*b = 3*l - 29. Let z be 5 + -3 + l + -3. What are the prime factors of (0 + (z - 15))/(1/(-8))?
2, 13
Suppose -7*s + 0*g + 552471 = -2*g, g = 2*s - 157851. What are the prime factors of s?
13, 467
Suppose -12*v - 111 = -111. Suppose 67*c - 75*c + 6576 = v. What are the prime factors of c?
2, 3, 137
Let o(q) = 6*q**2 + 71*q - 21. Suppose -5*l + 5*v - 80 = 0, 1 = -4*v - 3. What are the prime factors of o(l)?
2, 11, 23
Suppose 6*l - 478 - 722 = 0. Suppose -5*w + 86 + 289 = 0. Let t = l - w. What are the prime factors of t?
5
Let y(h) = -8*h - 76. Let p be y(-26). List the prime factors of 4/10*43230/p.
131
Let i(f) = f**2 + 6*f + 11. Let l be i(-5). Suppose 9*x = l*x. Suppose x = -4*o - 5*a + 368, 5*o = -2*a + a + 439. What are the prime factors of o?
3, 29
Suppose 0 = b + q - 3*q - 2836, -4*b + 2*q + 11344 = 0. What are the prime factors of (-8)/52 - (b/(-13) - -1)?
7, 31
Suppose -17*t - 295 = -22*t. Suppose -t*q + 4158 = -41*q. List the prime factors of q.
3, 7, 11
Suppose -17*h + 72098 = -44080. What are the prime factors of h?
2, 3, 17, 67
Let n(h) = 2*h**2 - 3*h - 2. Let o be n(-1). Let b be ((4/o)/(-2))/(8/2364). Let m = 293 + b. List the prime factors of m.
2, 3
Suppose 2*a + 4 = 5*w - 6, -3*a = -w + 2. Let i be 5 - a/(5/(-5)). Suppose 143 = i*t - 162. List the prime factors of t.
61
Suppose -130*l + 134*l - 4164 = 0. Let h = l - 550. List the prime factors of h.
491
Let c be 56/(-12)*54/(-42). List the prime factors of 1228/10 + 102/(-15) + c.
2, 61
Let i = -973 + 594. Let q = 1042 + i. What are the prime factors of q?
3, 13, 17
Suppose 80*d - 149539 = 23901. List the prime factors of d.
2, 271
Suppose -2*j + 0*v - v + 247 = 0, 4*j = -4*v + 504. Let h = -114 + j. List the prime factors of h.
7
Let i(s) = s**2 + 17*s - 14. Let k be i(-18). Suppose 0 = 2*n + k*n. Suppose n = -x + 9 + 5. List the prime factors of x.
2, 7
Let b = 17 + -15. Suppose -5*n = -5*q + b*q - 22, 5*n - q - 14 = 0. Suppose -h = 3*w - n*h - 182, h - 178 = -3*w. List the prime factors of w.
2, 3, 5
Suppose 0 = -161*g + 160*g - 745 + 6270. What are the prime factors of g?
5, 13, 17
Let k = 44 + -131. Let l = 92 + k. Let x(d) = 17*d + 10. Lis